 12*o - 6. Let z be p(-15). Suppose 4*q = -z + 450. Calculate the remainder when q is divided by 18.
15
Let t(m) = -4*m - 4. Suppose -44 = -2*w - 4*l, 0*w - w - 8 = -4*l. Let c = w + -15. What is the remainder when 31 is divided by t(c)?
7
Suppose 4*l - 2*q - 4 = 0, -2*q + 6 = q. Calculate the remainder when (5 - -9)/(l + 72/(-38)) is divided by 45.
43
Suppose -5*p + 2*t = -t - 534, -3*p + 316 = -4*t. What is the remainder when p is divided by 29?
21
Let s(m) = -m**2 - 11*m - 8. Let i(b) = -2*b**3 - 10. Calculate the remainder when i(-4) is divided by s(-9).
8
Let i = 1407 + -778. Calculate the remainder when i is divided by 15.
14
Let t(p) = -23*p**2 + 346*p + 4. Suppose 0 = m - 4 - 2. What is the remainder when t(15) is divided by m?
1
Let h be -9 + (-12)/(-4 - -8). Let b(g) = -g**3 - 11*g**2 + 8*g - 14. What is the remainder when b(h) is divided by 9?
7
Let l = 600 - 586. Let u = 24 - 16. What is the remainder when l is divided by u?
6
Suppose 2*z - 845 = n, -17*n + 15 = -14*n. Calculate the remainder when z is divided by 33.
29
Let z = -28 + 33. Suppose 0 = 2*o + v - 6 - 3, 5*v + 15 = z*o. What is the remainder when (-34)/(-4) - (-1)/2 is divided by o?
1
Let t = 78 + -34. What is the remainder when t is divided by (-12)/(1*-3) + 42/(-3 + 17)?
2
Suppose -5*g + 12 = -3. Let o(r) = r**3 - 2*r**2 - 4. What is the remainder when 17 is divided by o(g)?
2
Let z = 12 - 7. Suppose z*u - 12 = u. Suppose -5*f - 4*j + 3*j = -77, -u*f - 2*j + 49 = 0. Calculate the remainder when 42 is divided by f.
12
Suppose 24*b - 40*b = -3216. What is the remainder when b is divided by 17?
14
Let u(z) = -26*z + 14 - z**3 + z**3 - z**3 - 15*z**2. Calculate the remainder when 46 is divided by u(-13).
4
Suppose 4*r + 50 = 2*f, -6*f + 101 = -f - 2*r. Let w(y) = -y**2 - 30*y - 136. Calculate the remainder when w(-19) is divided by f.
16
Suppose 1 = -2*p - 5*b, p - 17*b = -22*b - 13. Calculate the remainder when 296 is divided by p.
8
Let l(g) = -16*g - 335. Calculate the remainder when 987 is divided by l(-23).
30
Suppose 5*t + i - 145 = 0, 15 = 4*t - 3*i - 120. What is the remainder when 80 is divided by t?
20
Let o = -21 + 33. Let h(d) = -d + 12. Let q be h(o). Suppose 4*s = -q*s - 3*n + 93, -2*s + 4*n = -30. What is the remainder when s is divided by 8?
5
Suppose 5*v - 96 = 3*m, 0*v - 2*m = v - 14. Let s(c) = -225*c**3 - 1. Let f be s(-1). What is the remainder when f/6 + (-6)/v is divided by 10?
7
Let n = -100 + 150. Let g = n - 31. Let q = 184 - 110. Calculate the remainder when q is divided by g.
17
Let b(p) = p**2 - 10*p - 38. What is the remainder when b(-25) is divided by 60?
57
Suppose -o = -5*i - 36, 2*o + 5*i = 4*o - 62. What is the remainder when (-202)/(-2) - (-2 - 2 - -2) is divided by o?
25
Suppose -125*s + 111*s = -56. Calculate the remainder when 130 is divided by s.
2
Calculate the remainder when 4/(5*-4*(-2)/3100) is divided by 26.
24
Suppose -51*l + 215 = -499. Suppose 4*c + 0*c = 96. Calculate the remainder when c is divided by l.
10
Calculate the remainder when 2483 is divided by (164/(-41))/((-4)/46).
45
Let v(m) = -m**3 + 7*m**2 + 7*m - 1. Calculate the remainder when v(6) is divided by 17 + -3 + (-21)/(-35)*10.
17
Let i(o) = -o**3 - 5*o**2 + 5*o + 2. Let j be i(-6). Suppose 0 = 5*y - 2*z - 81, 2 - j = -3*z. Calculate the remainder when 33 is divided by y.
16
Let t be (-8)/(-24) + -58*2/(-3). Let b = -32 + t. Calculate the remainder when 20 is divided by b.
6
Let n = 18 - 22. Calculate the remainder when 59 is divided by (-4)/(-16)*-10*1*n.
9
Suppose 2*p = -2*a + 4, 0 = 3*a + 2*a - p - 16. Suppose -i = u - 78, 0*u - u = -a*i - 94. What is the remainder when u is divided by (-2 - -36)*1*(-1)/(-2)?
14
Let v(r) = -r**3 + 14*r**2 - 18*r + 19. Let f(h) = -11*h + 66. Let s be f(5). Calculate the remainder when v(s) is divided by 31.
29
Suppose l + 3*j = 6*l - 187, 5*l - 195 = -5*j. What is the remainder when 70 is divided by l?
32
Let u(p) = -p**2 - 10*p + 28. Let j be u(-12). Let a = 6 - 6. Suppose 36 = -a*m + j*m. Calculate the remainder when 26 is divided by m.
8
Let o = -268 + 328. What is the remainder when 239 is divided by o?
59
What is the remainder when 126 is divided by -5 + 4*6/24 + 61?
12
Let r = -136 + 150. What is the remainder when 334 is divided by r?
12
Calculate the remainder when 1965 is divided by (-10 - 106/(-3)) + 8/(-6).
21
Let q be (1 - 6)*406/35. Let c = 75 + q. Calculate the remainder when 33 is divided by c.
16
Let l(t) = 6*t - 72. Let a be l(12). Suppose 0 = -3*r + 5*v - 3*v + 55, -3*v - 6 = 0. Let k = r - a. What is the remainder when k is divided by 5?
2
Let t(w) = w**2 + 13*w + 128. Calculate the remainder when 392 is divided by t(-13).
8
Suppose z + 3*a - 3 = -0, 0 = -5*z + 2*a - 2. Suppose 24 = r - z. What is the remainder when r is divided by 9?
6
Suppose 4*t = 5*q, -5*t = 4*q + q - 45. Suppose -c + t*c = 152. Suppose -b + 31 = -5*f + 6, 3*b - 33 = f. What is the remainder when c is divided by b?
8
Suppose -a = 3*a + l - 132, 3*l = -3*a + 108. What is the remainder when 31 is divided by a/4 + (-1)/(-1)?
4
Let d(a) = -a**3 + 7*a**2 + 8*a. Let q(n) = 3*n**2 - 5. Let f be q(-2). What is the remainder when d(f) is divided by 15?
11
Suppose 3*a = -2*k - 0*k + 11, -59 = -5*k + 3*a. Let z be (36/45)/(1/5). Calculate the remainder when ((-2)/z)/((-7)/224) is divided by k.
6
Let j = 38 + -53. Let k(o) = -o**2 - 16*o - 7. Calculate the remainder when 21 is divided by k(j).
5
Let g(d) = d**2 - 1. Let r(m) = -21*m**2 - 5*m - 1. Let n(c) = -3*g(c) - r(c). Calculate the remainder when n(-2) is divided by 23.
20
Suppose -3*l = 3*t - 2*l - 6, 0 = -3*t - 3*l. Let x be (-1)/(2 - 5/3). What is the remainder when 35 is divided by 8 + (x - -7 - t)?
8
Suppose 2 = -2*y - 0*y. Suppose 10*i = 89 + 61. What is the remainder when 2/(y/14*-1) is divided by i?
13
Suppose -7*y + 2*y = 2*m - 103, 269 = 5*m + y. Calculate the remainder when 151 is divided by m.
43
Let y(d) = -d**2 - 14*d - 8. Let k = -28 - -32. Let v = -10 + k. Calculate the remainder when y(v) is divided by 14.
12
Let j = 21 - 19. Suppose 4*w + 3*f = 193, -f - 99 = j*w - 4*w. What is the remainder when w is divided by 13?
10
Suppose -14 = -2*b + 4*k, 3*k = -2*k - 10. Suppose -6*o + b*o = -21. Suppose 71 = 4*j - i, 53 = -j + 4*j - i. What is the remainder when j is divided by o?
4
Let a = 56 - 82. Let z = 384 + -162. Calculate the remainder when 58 is divided by a/143 - z/(-11).
18
Suppose 0 = p + 4*p - d - 5, 0 = -4*p + 3*d - 7. Suppose -p*g + 156 + 54 = 0. Calculate the remainder when g is divided by 27.
24
Let u = 3172 + -3162. Calculate the remainder when 76 is divided by u.
6
Let t(i) = 9*i + 320. What is the remainder when 614 is divided by t(-31)?
40
Calculate the remainder when ((-8)/(-6))/((-3)/(-261)) is divided by (-1)/8 - ((-8220)/150)/(48/15).
14
Calculate the remainder when 4*3/(-8)*-2*181 is divided by 137.
132
Suppose 59*v = 53*v + 12. Calculate the remainder when 7 is divided by v.
1
Let a(r) = r**3 + r**2 + r + 2. Suppose 0 = -2*m + 52 + 4. Let g = m + 0. What is the remainder when g is divided by a(2)?
12
Let f(w) = w**3 - w**2 + 2*w - 52. Let h be f(0). Let t = h + 56. Calculate the remainder when 4 is divided by t.
0
What is the remainder when -10 + 573 - -3 - 11 is divided by 18?
15
Let g be (-2 - -64)*(-3)/(-3). Let d = 121 + g. Let k = 268 - d. Calculate the remainder when k is divided by 22.
19
Let u be (3 - 0)/((-3)/(-15)). What is the remainder when 13 is divided by 7/(-35) - (-63)/u?
1
Suppose 0*x - 3*x = 528. Calculate the remainder when (-15168)/x + 2/(-11) is divided by 22.
20
Let a = -34 + 42. Let c = 3 + a. Calculate the remainder when c is divided by 3.
2
What is the remainder when 686 is divided by -3*(-346)/24 - (-1)/(-4)?
41
Let v be 7/((-35)/(-32))*35. Let x be ((-60)/(-14))/(48/v). Let k = 10 + x. Calculate the remainder when k is divided by 16.
14
Suppose 5*q - n = 2*n + 85, 3*q + 4*n - 22 = 0. Suppose -26*j + 90*j - 5952 = 0. What is the remainder when j is divided by q?
9
Let p(q) = 8*q**3 - 7*q**2 + 2*q + 5. Calculate the remainder when p(3) is divided by 19.
12
Let d(h) = 33*h + 48 - 8 - 18*h - 16*h. Calculate the remainder when d(-25) is divided by 35.
30
Let j(r) = r**3 - 8*r - 18. Calculate the remainder when j(5) is divided by 18.
